 z. Is b composite?
False
Let r(t) = 26*t**2 + t + 2. Let y be r(-5). Let z = 982 - y. Is z a prime number?
False
Let u(k) = k**2 + k + 1027. Is u(0) prime?
False
Let m = 366 + -155. Is m prime?
True
Let d(x) = 3*x**3 - 5*x**2 + 7*x + 7. Is d(6) a composite number?
True
Suppose -m + 166 = 4*u + u, -m = u - 34. Let l = u + -9. Suppose 4*z - 8*z = -l. Is z prime?
False
Suppose 5*s - 1 = 214. Is s composite?
False
Let u(c) be the third derivative of 5*c**4/24 - c**3/6 - 2*c**2. Let h be u(-2). Let j = -8 - h. Is j a composite number?
False
Suppose 8*d + 2 = 6*d. Let n(c) = 77*c**2 - c - 1. Is n(d) a composite number?
True
Let d = 1439 + -390. Is d prime?
True
Let b(x) = x**3 + 7*x**2 + 3*x + 1. Is b(-4) prime?
True
Is (-8)/(-16) - (-22674)/4 a prime number?
True
Is (-62564)/(-6) + (-2)/6 composite?
False
Let f = 372 - 173. Is f prime?
True
Let l(h) = -1 + 12 + 17*h - h**2 - 2*h. Is l(13) prime?
True
Let q be ((-21)/(-6))/((-1)/(-2)). Let v = q + -4. Suppose -3*o = g - 18, -7*o + 24 = -v*o + 2*g. Is o a composite number?
True
Let j(b) = 2*b**2 + 5*b. Let r be j(-4). Is (-6)/(-8) - (-2283)/r a prime number?
True
Let l = -8 + 12. Let f(v) = v**3 - 8*v**2 + 11*v - 6. Let z be f(7). Suppose 5*s = 4*s - 3*p + z, 49 = l*s - p. Is s a prime number?
True
Let b(y) = -917*y**3 - 2*y**2 - 7*y - 1. Is b(-2) prime?
False
Suppose -n = 4*n - 13045. Is n prime?
True
Suppose 0*k = -2*k - 2372. Let r = k + 2247. Is r a prime number?
True
Suppose -3*t + t = -42. Let z = 16 + t. Is z a composite number?
False
Let w = 50 - -9. Is w a composite number?
False
Suppose i - k = 661, k = -4*i + 6*k + 2643. Is i a prime number?
False
Let n be 56/6 + (-2)/6. Let m(v) = -1 - 7 + 4*v + 3. Is m(n) prime?
True
Let n = -386 - -201. Let y = -116 - n. Is y a prime number?
False
Let k be (-18)/(-12)*8/3. Suppose 0*a - k*a = 12. Is (a/9)/(1/(-573)) a prime number?
True
Let i(h) = 64*h**2 + h. Suppose -1 = 5*n - 6. Is i(n) prime?
False
Let r(c) = -c**3 - 12*c**2 + 11*c + 31. Is r(-15) a composite number?
False
Let b(z) = 2*z + 485. Is b(0) prime?
False
Let y(o) = -o**2 - o + 4. Let k be y(0). Suppose a = -k*a - 25. Let b(v) = -v - 2. Is b(a) composite?
False
Suppose 5*h - 2*r = 181 + 398, 117 = h - r. Suppose 2*t - t = h. Is t composite?
True
Suppose -5*q - 5*o + 755 = 0, o - 747 = -2*q - 3*q. Is q prime?
True
Let o be -3*(-1 + (-2)/(-3)). Let v be o/2*(-12)/(-2). Suppose v*s - 162 = -x, -5*s - 3*x + 259 = -5*x. Is s prime?
True
Suppose 0 = 5*k - k + 2*l - 758, 3*l + 9 = 0. Is (k/2)/((-1)/(-2)) a composite number?
False
Suppose 0 = -m + 2 - 20. Is (-9)/m - 253/(-2) prime?
True
Suppose 3*g - 3*h - 42 = 0, 2*h + 9 = -1. Let o be 8/3*g/12. Is 2/(-1) + o + 33 composite?
True
Let a(v) = -68*v + 101. Is a(-9) composite?
True
Let p(b) = b**3 + b**2 + b. Let l be p(-1). Is 1 + l + 3 + 146 composite?
False
Suppose -76 + 292 = 3*u. Let d = -35 + u. Is d a prime number?
True
Suppose -4*f + 2 = -14. Suppose -5*d + 10*d + 3*o = -42, f = -o. Is ((-92)/d)/(4/42) composite?
True
Is 2/5 + 37466/10 composite?
True
Suppose -12 = -4*i + 4. Suppose -4*g - 3*f - 423 = 0, -529 = i*g + 2*f - 107. Is (0 + g/(-6))*2 prime?
False
Let d = -2329 + 1114. Let q = -856 - d. Let c = q - 246. Is c a prime number?
True
Let m(w) = -3*w**3 + 1. Let v be m(1). Let k(l) = -56*l + 1. Is k(v) prime?
True
Let o(s) = 31*s**3 - 3*s**2 + 4*s - 5. Is o(2) composite?
False
Let f(i) = 2*i**2 - 5*i - 6. Let t(p) = -p**2 + 3*p + 3. Let u = -1 + 3. Let s(y) = u*f(y) + 5*t(y). Is s(3) a prime number?
False
Suppose -191 = -2*c + 27. Is c a prime number?
True
Let m be (1/(-3))/(10/90). Let l = m + 40. Is l a prime number?
True
Suppose 0*i = -i + 369. Suppose -2*z + 16 = -6*z, f - 3*z = i. Suppose 10 = -2*b - 0*b, -4*q = -5*b - f. Is q composite?
False
Let s = -1337 - -2343. Is s prime?
False
Let x(m) = m**3 - m**2 - 3*m + 2. Is x(5) a prime number?
False
Let v = 2470 - 1227. Is v prime?
False
Let p = 414 - 5. Is p composite?
False
Let l(b) = b**3 + 17*b**2 + 9*b - 15. Is l(-16) a composite number?
False
Let d = -8 + 14. Suppose -48 = 2*b - d*b. Is ((-28)/b)/(2/(-30)) composite?
True
Let w be ((-6)/(-12))/(1/2). Let p(y) = 52*y**3 + y. Is p(w) a composite number?
False
Let x(n) = -n - 3. Let f be x(-9). Suppose f = 5*h - 2*h. Suppose 6 = 3*a - h*a. Is a composite?
True
Let v(j) be the third derivative of j**5/15 - j**4/6 + 7*j**3/6 + 5*j**2. Is v(-5) a composite number?
False
Is (-1)/(-2)*(-1504)/(-16) a prime number?
True
Suppose -985 = -5*f - 4*l, -2*l + 819 = 4*f - 5*l. Is f a composite number?
True
Suppose -3*b + 3*j = -402, 0 = b + j - 6*j - 154. Is b composite?
True
Suppose 5*n - 290 = 5*p - 1345, 0 = 5*p - 3*n - 1063. Is p a composite number?
True
Suppose 0 = 3*v - v - 632. Let p = v - -103. Is p composite?
False
Let u be (102/8)/(1/(-4)). Let z = 535 - u. Is (6/(-12))/((-1)/z) a prime number?
True
Let r(w) = -71*w + 13. Let h(a) = -18*a + 3. Let q(j) = -9*h(j) + 2*r(j). Let c = -4 + 5. Is q(c) prime?
True
Let s(a) be the first derivative of -79*a**4 + a + 5. Is s(-1) a composite number?
False
Let f(k) = k**3 + 2*k**2 - 7*k - 1. Is f(5) a composite number?
False
Suppose -4*x = -3*x - 23. Suppose 11 = n - 5*q, 2*n - x = 5*q - 6. Suppose n = -3*s + 36. Is s a composite number?
True
Let l = 6 + -6. Let n = 8 - l. Let u = n + 51. Is u composite?
False
Suppose 0 = -2*p + 2*u + 14, 0*p - 3*p + 26 = -4*u. Let j = -12 + 8. Is (p/j)/(3/(-54)) composite?
True
Is 685 + 0 + -3 + 3 a composite number?
True
Let k = 35 + -25. Suppose -u + k = u. Suppose -u*g + 3*g + 4*j = -70, -3*g = -3*j - 105. Is g composite?
True
Suppose -3*o + 11*o - 27944 = 0. Is o a composite number?
True
Let j(i) = 321*i - 11. Is j(2) a composite number?
False
Let t = 17 + 13. Let g = -11 + t. Is g a composite number?
False
Let w(h) = h**3 + 9*h**2 - 1. Let g be w(-4). Let v = g + 14. Is v a prime number?
False
Suppose -2*l + f - 3 = -6*l, 0 = -l - 5*f - 23. Suppose 0 = 2*m - m + 2, -l*m = 2*r - 10. Is (r/(-2))/(2/(-20)) composite?
True
Let m(b) = b**3 - b**2 - 2*b + 7. Let j = -1 + 6. Is m(j) a composite number?
False
Let r be -2*(-1)/(4/(-2)). Let q be r - -3*(-1)/(-1). Suppose 0 = q*s - 60 - 18. Is s a composite number?
True
Is 14 + -13 + (-1054)/(-1) a composite number?
True
Let y(x) = -2*x**3 - 3*x**2 - 2*x - 2. Let i be y(-3). Suppose i = -4*q + 3*z, q + z + 4*z = 21. Is (-317)/(-9) - q/(-18) a composite number?
True
Let z = -3 + 0. Let t(q) be the second derivative of q**4/6 + q**2/2 - 3*q. Is t(z) a prime number?
True
Let u = -157 + 435. Suppose 0 = 2*y + u + 150. Let x = -135 - y. Is x a prime number?
True
Let k(y) = y + 3*y**2 + 4*y + 2 - 3*y. Let h be k(-7). Is (-1)/(-2) + h/10 prime?
False
Let x(o) = -2*o. Let v be x(-4). Suppose 2*t - v = 4*a, -t - a + 2*a = -3. Suppose -t*p + 158 = -0*p. Is p composite?
False
Suppose -3*s = 3*v - 42, 3*v + 2*s - 1 = 4*v. Is v a composite number?
True
Suppose -3*g = -0*g. Suppose -5*r + 683 + 427 = g. Suppose -q = -4*k - 81, 2*q + q - 5*k = r. Is q a composite number?
True
Suppose 19 = 3*k + 4*u, -5*k + u + u + 23 = 0. Suppose k*j = 37 + 193. Is j a prime number?
False
Suppose -1 + 12 = t + 3*p, -2*p = 2*t - 10. Suppose -4*i + 48 = 2*o, 5*o + t = i + 3*o. Is i a prime number?
False
Suppose -5*f + 16 + 9 = 0. Suppose -f*o = 0, -4*n - o + 3*o + 444 = 0. Is n a composite number?
True
Let m = -826 + 1413. Is m composite?
False
Let r(x) = 3*x**2 + 4*x**2 - 4 - 5*x**2 + 3*x. Let n be r(-3). Suppose -n*u + 4*v + 66 = -0*v, -3*u + 2*v + 40 = 0. Is u a prime number?
False
Suppose 0 = 2*c - 3*w + 1507, 0*c - 3004 = 4*c - 4*w. Is c*(2 - 20/8) a composite number?
False
Let o(v) = -v + 2*v - 2*v + 3. Is o(0) a prime number?
True
Let s(v) = -4*v**3 + 5*v**2 - v - 5. Is s(-4) composite?
True
Suppose 14 = 6*g - 10. Suppose 0 = -g*m - h + 447, -3*m + 349 = -5*h + 3*h. Is m a composite number?
False
Suppose -4*k - g + 15 = -0*k, 5*k = g + 30. Is (147/(-6))/(k/(-10)) a prime number?
False
Let q(x) = 3*x**3 + x**2 + 4*x - 3. Suppose -5 = 3*i - 44. Suppose a - i = -4*n, 5*n - a = -0*a + 5. Is q(n) composite?
True
Suppose 6*n - 2*n - 11716 = 4*l, -5*n = -4*l - 14649. Is n a prime number?
False
Let u = 178 + -39. Suppose z - 2*o - u = 0, 3*z - 2*o = 6*z - 433. Is z composite?
True
Let j(s) be the second derivative of -s**5/20 + 2*s**4/3 - s**3/2